890 = -3*j. Let l = 464 - o. What is the remainder when l is divided by 73?
70
Suppose -o - 72 = -u, -84 = 3*u - 4*u - 5*o. Suppose -13*a + 10*a - 60 = 0. What is the remainder when u is divided by -6*(-5)/a + 33/2?
14
Let m(r) = -r**2 + 11*r + 6. Let i be m(11). Suppose -4*l + 2*u = -2570, 9*u - i*u = -5*l + 3240. What is the remainder when l is divided by 24?
21
Suppose 4*a - 4*k + 54 = 178, -3*k - 35 = -a. Suppose -4*b + b + 9 = 0. Suppose -59 = b*v - 89. What is the remainder when a is divided by v?
9
What is the remainder when -1*(-7*4 - -2) is divided by ((-110)/10 + 33)*(-2)/(-4)?
4
What is the remainder when 340 is divided by ((-6210)/(-14))/5 + 2 - 42/(-147)?
67
Suppose 4*s - 8*s - 2*k = -2196, -k = -3*s + 1642. Calculate the remainder when 172 is divided by ((-40)/(-15))/(-5 + s/108).
28
Suppose -13*b + 901 = 846 - 2103. Calculate the remainder when 367 is divided by b.
35
Let v = 145 + -117. Let r = -65 - -61. Calculate the remainder when (-535)/r + (-2)/(-8) + 4 is divided by v.
26
Let w = -125 + 136. Suppose w*a - 323 = 282. Calculate the remainder when a is divided by 19.
17
Suppose -f = 3*c + f - 66, 0 = -2*f - 6. What is the remainder when (-6)/12*8 - -146 is divided by c?
22
Suppose 2*i = 5*l - 12 - 11, 5*l - 5*i = 35. Suppose l*s = -4*u + 133, 3*s = s - 4*u + 86. Calculate the remainder when s is divided by 16.
15
Suppose 0 = 3*c + 5*v - 1864, -4*c + 4*v = -2825 + 297. Calculate the remainder when c is divided by 79.
75
Suppose 768 = -178*k + 6817 + 7301. Calculate the remainder when 2037 is divided by k.
12
Let b be (408/(-20))/(8/(-60)). Let p = 160 - b. Calculate the remainder when 12 is divided by p.
5
Let r = 17938 - 17914. Calculate the remainder when (-2)/(-8) - (-371)/4 is divided by r.
21
Suppose 3*y + 2 + 49 = 0. Let m = y + 20. What is the remainder when 67 is divided by m - 52/(-4) - 2?
11
Let x = 0 - -9. Suppose -3*z - 2950 = -8*z. Let d = 650 - z. What is the remainder when d is divided by x?
6
Let u be (-1 - 2)/(68/8 + -8). What is the remainder when 2/u + (-21)/27*-147 is divided by 24?
18
Suppose 2*y = -y - 93. Let p be 1 + -3 - (1 - (y + -2)). Let k = p - -65. What is the remainder when 56 is divided by k?
27
What is the remainder when (-16*1122/84)/(2/(-7)) is divided by 153?
136
Let q(t) be the third derivative of 0*t - 14*t**2 + 1/30*t**5 + 0 + 3*t**3 - 17/24*t**4. Calculate the remainder when 20 is divided by q(8).
0
Suppose 16 = z - 4*h, 0*h + 4*h + 52 = 4*z. Suppose 0 = -3*i + 7 + 35. What is the remainder when i is divided by z?
2
Suppose 4*x + 174 = 5*x - 5*h, 0 = x - 2*h - 183. Let y = -71 + x. What is the remainder when y is divided by 33?
19
Let k(b) = 68*b**2 + 54*b + 34. What is the remainder when k(-5) is divided by 12?
0
Let i be ((-144)/(-40))/6 - 17/(-5). Suppose 8 = -i*a, y - 3*a - 1 = 18. Calculate the remainder when 35 is divided by y.
9
Suppose v + 9*x = 11*x + 47, 2*x = 4*v - 170. Calculate the remainder when 182 is divided by v.
18
Suppose 0 = -2*b - 2, -3*b - 12 = -i + 2. Suppose -i + 127 = 3*r + k, -5*r = -3*k - 184. Calculate the remainder when 493 is divided by r.
37
Suppose k = -3, 2*j = -7*k + 3*k + 126. Let f(y) = -4*y + 9. Suppose 5*b = a, 0 = 4*b - a - a. What is the remainder when j is divided by f(b)?
6
Suppose 3*i = 2*i + 4. Suppose 0 = 2*q + 2 - 6, -5*q = -3*o + 200. What is the remainder when o is divided by 4/(i/5)*5?
20
Let d(y) = 3*y**3 - 7*y**2 + 11*y - 6. Suppose -39*o - 2*l - 291 = -44*o, 2*l = 3*o - 169. Calculate the remainder when d(4) is divided by o.
57
Let u be (-4)/3*(35/(-5) + -89). Let p = 111 + u. What is the remainder when p is divided by 10?
9
Suppose 3*x + 29*t - 15336 = 27*t, -5*x = 4*t - 25564. What is the remainder when x is divided by 36?
32
Let t(q) = q**3 + 12*q**2 - 6. Let s be t(-12). What is the remainder when 30/(-4)*((-114)/9 - s) is divided by 11?
6
Suppose -6*o - l + 962 = 0, -o = 2*l + 55 - 219. What is the remainder when o is divided by 143?
17
Let v = 53911 - 53907. Suppose 5*p = 6 + 9. What is the remainder when v is divided by p?
1
Suppose -55*f + 48*f + 525 = 0. What is the remainder when 2097 is divided by f?
72
Let m(n) = -22*n + 2270. What is the remainder when m(61) is divided by 40?
8
Suppose 142 - 174 = -c. Suppose 0 = 4*g + 4*r - 8*r - c, 3*r - 12 = 0. What is the remainder when 40 is divided by g?
4
Suppose -2*y = -y + 62. Let z(g) = g**2 - 40*g + 118. What is the remainder when (y/6)/((-5)/15) is divided by z(37)?
3
Suppose -2*w = -542 - 204. Let f = w + -260. Calculate the remainder when f is divided by 31.
20
Suppose 222*f - 227*f = 5. What is the remainder when 844 is divided by (f*1)/(21/(-378))?
16
Let k = -2099 + 2333. What is the remainder when k is divided by 146?
88
What is the remainder when (2408/(-112))/((-1)/4) is divided by (3/1*(-11)/3)/(-1)?
9
Let h = 94 - 89. Suppose -9*x = -10*x + 2. What is the remainder when (0/x - -3) + 2 is divided by h?
0
Let u(p) = -26*p + 6. Let d be u(-3). Suppose 3*j - 24 - d = 0. Suppose 5*l - j = -2*r + 19, -2*l = 3*r - 55. What is the remainder when 73 is divided by r?
13
Let r be (-3 + 2)*(-2)/(-2). Let p(d) = -145*d - 1. Let n be p(r). Suppose 6*s + 36 = n. Calculate the remainder when s is divided by 13.
5
Suppose -5*x = -5*k + 25, 4*k + 12 - 14 = -5*x. What is the remainder when 3/(3/52)*11/22 is divided by k?
2
Let w(n) = n**2 - n + 1. Let i be w(2). Suppose -p + 2*p = -4*k + 190, 4*p + 152 = i*k. Calculate the remainder when k is divided by -3*476/42*(-2)/4.
14
Suppose 5*a - 16 + 20 = 2*p, p - 2 = 5*a. Suppose 5*i - 371 = -3*m, p*i = 2*m + 252 - 94. Calculate the remainder when i is divided by 16.
12
Suppose 266 - 16862 = -60*v - 456. What is the remainder when v is divided by 118?
33
Suppose 46*y + 213*y - 7511 = 0. Calculate the remainder when 194 is divided by y.
20
Let y = -183 - -141. Let r = y - -102. Calculate the remainder when 239 is divided by r.
59
Suppose -42394 = -19*d + 14872. What is the remainder when d is divided by 177?
5
Suppose -578290 = -508*a - 18*a + 867684. Calculate the remainder when a is divided by 145.
139
Let q = -15 + 42. Suppose 0 = -2*p - i - 631, -2*i + 63 = -2*p - 559. Let s = p - -421. What is the remainder when s is divided by q?
26
Suppose -2*o - 10 = 4*f, o - 3*f - 25 = -5. Calculate the remainder when 227 is divided by o.
2
Let u = 7545 + -7275. Let g(f) = f**2 + f - 4. Calculate the remainder when u is divided by g(-5).
14
Suppose 4*c - 6*c = 2, -257 = -5*v + 2*c. What is the remainder when 2294 is divided by v?
50
Suppose 237 = -12*x + 1329. What is the remainder when 1180 is divided by x?
88
What is the remainder when 276 is divided by (-5 - -4 - -4)*(10184/(-24))/(-19)?
8
Calculate the remainder when 20690 is divided by (65 - -1)*99/66.
98
Let p be 16/(195/(-50) - -4). Suppose 11*h - p = -5*h. What is the remainder when h is divided by 4?
2
Suppose 2*a - 149*r + 150*r = 117, -5 = -r. Let v = -8 + 27. Calculate the remainder when a is divided by v.
18
Let b = -3399 + 3438. What is the remainder when 401 is divided by b?
11
Let f be ((36/5)/(-4))/(1/(-15)). Calculate the remainder when ((-6)/(-4))/(0 + f/2934) is divided by 42.
37
Let h = 3184 - 3103. What is the remainder when h is divided by 34?
13
Suppose -55*g + 13788 = 4328. Calculate the remainder when 2572 is divided by g.
164
Suppose 6*l - 10 = 38. Let m be (-2)/l + (-1374)/(-24). Suppose 0 = -7*c + 146 + m. What is the remainder when 55 is divided by c?
26
Let i(v) = v**3 - 9*v**2 + v - 10. Let h be i(7). Let u = h + 131. Calculate the remainder when u is divided by 8.
6
Let l = 820 + -202. Let p = 686 - l. Calculate the remainder when 150 is divided by p.
14
Suppose 200 = 95*k - 90*k. Calculate the remainder when k is divided by 31.
9
Suppose 171 = -5*w + 14*w. Suppose 197 = w*y - 202. What is the remainder when 80 is divided by y?
17
Let h(b) = b**2 + 43*b - 111. Let g = -741 - -695. What is the remainder when 143 is divided by h(g)?
8
Let v = -5754 + 5803. What is the remainder when 337 is divided by v?
43
Suppose -2*l = v - 114, 4*v = 5*l + 228 + 215. Let n = 32 - 19. What is the remainder when v is divided by n?
8
Let n be (1 + -10)/(2 - 1). Suppose 5*b + 5*k - 515 = 0, -7264*k = 5*b - 7261*k - 513. Calculate the remainder when b is divided by (-25)/(-3) - (-3)/n.
